- 68 = -0*n. List the prime factors of n.
5, 13
List the prime factors of ((-2145)/(-1) + -2)*6.
2, 3, 2143
Let l(k) = 19*k**3 - k + 3. Suppose -3*i = 7*i. Suppose i = 3*x - 9*x + 12. List the prime factors of l(x).
3, 17
Let x(v) = v**2 + 17*v + 21. Let l be x(-7). Let p(g) = 8*g + 13. Let a be p(-6). Let w = a - l. List the prime factors of w.
2, 7
Let d = -21110 + 50306. List the prime factors of d.
2, 3, 811
Suppose -106*i - 95*i + 5*i + 8785308 = 0. What are the prime factors of i?
3, 67, 223
Suppose -6*b - 8*y = -439416, -6*b = -4*b - y - 146461. What are the prime factors of b?
2, 23, 199
Let c be (6 + 294/9)/(3/(-9)). Let r = 462 + c. List the prime factors of r.
2, 173
Let g be (-11560)/(-25) + (-10)/25. Suppose -g - 341 = -11*b. What are the prime factors of b?
73
Let x be (-520)/(-24)*(-3 + (-2 - -8)). Let d = 42 + -26. Suppose x = -15*a + d*a. List the prime factors of a.
5, 13
What are the prime factors of 10*1755/18*1?
3, 5, 13
Let n(k) = -23*k - 32. Let q(y) = y**3 + 34*y**2 - 30*y + 170. Let f be q(-35). What are the prime factors of n(f)?
83
Suppose -203 = -3*c - 2*b, c - 47 = -3*b + 16. Let l = c + -62. Let m(n) = -2*n**2 + 13*n + 25. List the prime factors of m(l).
2, 3
Let k(n) = -2*n + 8. Let d be k(6). Let p be 3/d*-4 + 119. Suppose 0 = 3*c - 2*c - p. List the prime factors of c.
2, 61
Let q(y) = -y**3 - 6*y**2 - 7*y - 6. Let b be q(-5). Suppose 6 = 4*l + 2*u, b*u - 12 = -3*l + 5. What are the prime factors of (503/(-4))/l + (-25)/(-100)?
2, 3, 7
Suppose 2*j + b - 5562 = 0, -59*b + 5550 = 2*j - 55*b. What are the prime factors of j?
11, 23
Suppose 0 = -32*r + 33*r - 68. Suppose -13*k - 16 = -r. Suppose -4*u = h - 64, 5*h + u = -k*u + 380. List the prime factors of h.
2, 5
Suppose -3 = -b + 5. Suppose -5*t = 25, t + 5 = 4*u - b. Suppose -4*d + 16 = 0, d + 37 = u*q - 33. List the prime factors of q.
37
Let j(b) = b**3 - 7*b**2 - 17*b - 17. Suppose -3*y + 2*y + 140 = -3*p, 3*p - 3*y = -144. Let a = 57 + p. What are the prime factors of j(a)?
2, 5, 7
Let l = 8 + -3. Suppose 5*v + 183 = 2*j, 108 = j - 5*v + 24. Suppose l*k - j = -34. What are the prime factors of k?
13
Suppose -5469 = -5*r + 4*i, 2*r + 5*i - 473 = 1708. What are the prime factors of r?
1093
Let u = 8456 + -4014. List the prime factors of u.
2, 2221
Suppose -2*x + 0 = 6. Let y(t) = 33*t**2 - 3*t - 4. Let l be y(x). Suppose -42 = -8*v + l. List the prime factors of v.
43
Let j = -56 + 60. Suppose -j*t + 15 = t. Suppose -2*d + 91 = t*x + 3*d, -4*x = 2*d - 140. What are the prime factors of x?
37
Suppose -16 = 4*h, j = 3*j + 5*h + 44. List the prime factors of (-13 - 814/8)/(1/j).
3, 17
Suppose -8*u - 21949 = -3*t - 12*u, -4*t = 3*u - 29277. List the prime factors of t.
3, 2441
Suppose 2*y = 3*m - 24, -y + 16 = 2*m + y. Suppose 249 = m*o - 919. What are the prime factors of 8/6*(-6)/(-4) + o?
2, 37
Let g = -92 - -167. Let h = g - 40. Suppose -o - 4*x - 1 - 4 = 0, 4*x + h = o. What are the prime factors of o?
3, 5
Suppose -471 = -5*z - 111. Let k(l) = l**3 - 26*l**2 - 21*l - 137. Let h be k(27). Let n = z - h. List the prime factors of n.
47
Suppose -133743 = -3*o - 4*h, -37*h + 38*h - 133734 = -3*o. List the prime factors of o.
3, 13, 127
Suppose -3*r - 2*g + 1060 = 0, -r + 4*g - 1416 = -5*r. List the prime factors of r.
2, 11
Let f = 9477 + -6037. Suppose 5*l = 3*d + f, 10*l - 2*d - 688 = 9*l. List the prime factors of l.
2, 43
Let c = -9573 - -22525. List the prime factors of c.
2, 1619
Let t(s) = 3*s - 16. Let q be t(25). Let f = q - 75. Let c = 11 - f. List the prime factors of c.
3
Let q(f) = -f + 1. Let m(y) = 23*y**3 - 5*y + 5. Let n(s) = -6*m(s) + 30*q(s). Suppose 42*x = 31*x - 11. What are the prime factors of n(x)?
2, 3, 23
Let x = 19387 - 16777. What are the prime factors of x?
2, 3, 5, 29
Let w(m) = 319*m + 2269. List the prime factors of w(47).
2, 3, 7, 137
Let j = -263 - -5. Let g = j - -481. What are the prime factors of g?
223
Suppose -2*i - 2*i = -20, 5*i - 37 = 3*h. Let k be 1064/21*(-6)/h. Suppose k = r + a, a + 82 = r - a. What are the prime factors of r?
2, 3, 13
Let r = 3 + 0. Suppose 3*y + t = 6*t + 15, 4*y + t = -r. List the prime factors of 16 + 0/(-2 - (0 + y)).
2
Suppose 4*l + 4 = -4*f, -5*l - 30 = 2*f - 40. Suppose -3*m - 4647 = -l*h, m - 7 = -4. What are the prime factors of h?
2, 3, 97
Let u(a) be the first derivative of a**5/60 - 7*a**4/8 + 35*a**3/6 + 7*a**2 + 31. Let g(w) be the second derivative of u(w). List the prime factors of g(25).
3, 5
Let m = -86 + 96. Suppose 0 = -m*a - 6483 + 1843. Let w = -256 - a. List the prime factors of w.
2, 13
Let d(q) = -2*q**3 + 37*q**2 - 9*q - 4. Let j be d(17). Suppose 9*f - j - 6823 = 0. What are the prime factors of f?
3, 31
Suppose 4*k + 40*w = 43*w + 23, 0 = -2*k + 4*w + 14. Suppose k*s - 3*t = s + 1726, 0 = 3*s + 3*t - 1284. List the prime factors of s.
2, 5, 43
Suppose 13*o + 108 = o. List the prime factors of (-6)/o + (-3992)/(-24).
167
Let g(j) = 7*j**2 + 9*j + 3. Let m be g(-6). Let f = -168 - -170. Suppose -5*a - 199 = -3*c, f*c + 3*a + m = 5*c. What are the prime factors of c?
2, 17
Let l(x) = 43*x - 21. Let p be l(21). Let f = p - 303. List the prime factors of f.
3, 193
Let n = -114 - -98. Let d(p) = p**3 + 19*p**2 + 48*p + 1. Let g be d(n). What are the prime factors of 1 - ((-1162)/10 - g/(-5))?
3, 13
Let s(x) be the first derivative of -9*x**2/2 - x - 38. Let r be s(-1). Suppose 0 = -4*f - r, o + 84 = 5*o - 4*f. List the prime factors of o.
19
Let y(d) = -d**2 + 28. Let j be y(5). Suppose 0 = 22*k + j*k - 2325. List the prime factors of k.
3, 31
List the prime factors of -27*4/(-432) - (1 - (-196476)/(-16)).
3, 4093
Let k(b) = -30*b + 439. What are the prime factors of k(5)?
17
Suppose -5 + 19 = 2*a. Let q(j) = -2 - 1 + j + 0 + 6. List the prime factors of q(a).
2, 5
Suppose -67*f + 64*f + 9 = 0. Suppose -2*v + 3*l = -4, f*v - 9 = -l + 19. What are the prime factors of v?
2
Let p = 27654 + -14221. What are the prime factors of p?
7, 19, 101
Let n(f) = 2048*f**2 - 135*f + 37. What are the prime factors of n(-5)?
2, 3, 7, 103
Suppose n + 229*h - 1792 = 228*h, -5*n - 4*h + 8965 = 0. List the prime factors of n.
3, 599
Let l(c) = 6*c - 33. Let k be l(6). Suppose -30 = 2*w - 7*w + 4*x, 3*w + k*x = -9. List the prime factors of 4/(w*(-2)/(-84)).
2, 3, 7
Suppose -216025 = 26*y - 51*y. List the prime factors of y.
8641
Let y be 24/(-1)*(-3)/12. Suppose -y = -3*q - 0*q. Suppose -t + 12 = -2*l, 82 = 5*t - q*l + 3*l. List the prime factors of t.
2
Let b = -330 + 337. Suppose 0 = -h + 4*f + 1051, -2*f - 5130 = -5*h - b*f. What are the prime factors of h?
1031
Let s(i) = -i**3 - 14*i**2 - 24*i + 3. Let f be s(-12). Suppose -5*g = k - 5*k - 19, 0 = f*g + k - 8. Suppose g*d = 261 + 105. What are the prime factors of d?
2, 61
Let p(z) = 36*z**2 + 84*z + 246. What are the prime factors of p(-15)?
2, 3, 1181
Suppose 59 = -11*x - 29. Let o(h) = h**3 + 15*h**2 + 15*h + 20. Let w be o(-14). What are the prime factors of (x/w)/(8/(-36))?
2, 3
Let s(k) = -1 - 4*k**2 + 8*k**2 - 17*k**2 - k**3 - 7 - 26*k - 8. What are the prime factors of s(-11)?
2, 7
Suppose 83*d = 82*d + 2*k + 40758, d + 2*k = 40730. List the prime factors of d.
2, 11, 463
Suppose 0 = -132*n + 105*n + 51121 + 13274. What are the prime factors of n?
3, 5, 53
Suppose -12*q + 18*q = 846. Let v = 154 - q. Suppose -68 - 3780 = -v*c. List the prime factors of c.
2, 37
What are the prime factors of (6826 - -2) + -136 + 131?
6823
Suppose -c + 10089 = r, -c + 3*r + 5343 = -4746. List the prime factors of c.
3, 19, 59
What are the prime factors of (-1)/(-5 + (-39771)/19881 + 7)?
47
List the prime factors of (1 - (-91)/(-26))*(-2 - (-27144)/(-5)).
13577
Let v = -141 - -213. Let s = 135 - v. Suppose -a = 4*u - s, 3*u + u - 3*a - 83 = 0. What are the prime factors of u?
17
What are the prime factors of (15279/22)/(-3 - 21/(-6))?
3, 463
Suppose 10 = -4*j + 10. Suppose -3*w - m + 349 = j, 2*w = -2*w - 5*m + 458. Let l = -9 + w. What are the prime factors of l?
2, 3
Let y(v) = v**2 + 7*v. Let m be y(-8). Suppose -m*u = 3*u + 407. Let o = u + 81. List the prime factors of o.
2, 11
Suppose 3*h + 2*j - 82 = 389, -157 = -h + 5*j. Suppose 21*d - 525 = 28*d. Let i = h + d. List the prime factors of i.
2, 41
Let c(u) = -3*u**2 + 22 - 4*u + 4*u**2 + 4. 